rs of 978484.
2, 13, 31, 607
What are the prime factors of 9184734?
2, 3, 13, 39251
List the prime factors of 707888.
2, 151, 293
List the prime factors of 305663.
305663
List the prime factors of 136833.
3, 17, 2683
What are the prime factors of 1507467?
3, 13, 38653
List the prime factors of 5261865.
3, 5, 7, 7159
What are the prime factors of 6582173?
13, 89, 5689
List the prime factors of 83966.
2, 41983
List the prime factors of 172981.
172981
List the prime factors of 5858118.
2, 3, 7, 19, 2447
List the prime factors of 17403671.
17403671
List the prime factors of 79110.
2, 3, 5, 293
What are the prime factors of 1278732?
2, 3, 7, 13, 1171
List the prime factors of 14158.
2, 7079
List the prime factors of 7172421.
3, 89, 26863
What are the prime factors of 184752?
2, 3, 1283
List the prime factors of 24201737.
7, 37, 1907
What are the prime factors of 1990548?
2, 3, 7, 2633
What are the prime factors of 2065191?
3, 688397
What are the prime factors of 351313?
79, 4447
What are the prime factors of 11794070?
2, 5, 859, 1373
What are the prime factors of 4822511?
229, 21059
List the prime factors of 40516.
2, 7, 1447
What are the prime factors of 119039?
119039
List the prime factors of 14725980.
2, 3, 5, 23, 3557
What are the prime factors of 155193?
3, 17, 179
List the prime factors of 1126621.
29, 53, 733
List the prime factors of 4224112.
2, 264007
What are the prime factors of 100316?
2, 31, 809
List the prime factors of 138367.
179, 773
List the prime factors of 31533.
3, 23, 457
What are the prime factors of 761103?
3, 7, 4027
List the prime factors of 419114.
2, 367, 571
What are the prime factors of 4074410?
2, 5, 211, 1931
What are the prime factors of 34671217?
7, 71, 69761
What are the prime factors of 202563?
3, 71, 317
List the prime factors of 737894.
2, 368947
List the prime factors of 2786266.
2, 7, 17, 23, 509
List the prime factors of 1163573.
557, 2089
What are the prime factors of 102011?
7, 13, 19, 59
List the prime factors of 573342.
2, 3, 7, 11, 17, 73
What are the prime factors of 398975?
5, 15959
What are the prime factors of 18850126?
2, 1399, 6737
List the prime factors of 1719370.
2, 5, 171937
List the prime factors of 175568.
2, 10973
What are the prime factors of 593092?
2, 31, 4783
What are the prime factors of 89045?
5, 11, 1619
What are the prime factors of 158111?
43, 3677
What are the prime factors of 220359?
3, 73453
List the prime factors of 1277307.
3, 347, 409
List the prime factors of 1396096.
2, 13, 839
List the prime factors of 414701.
7, 59243
List the prime factors of 19777.
19777
What are the prime factors of 9159361?
9159361
What are the prime factors of 1282893?
3, 179, 2389
List the prime factors of 426811.
7, 11, 23, 241
What are the prime factors of 4766233?
179, 26627
List the prime factors of 45585.
3, 5, 1013
What are the prime factors of 10071839?
1031, 9769
What are the prime factors of 677932?
2, 169483
List the prime factors of 1639593.
3, 182177
List the prime factors of 446768.
2, 7, 3989
List the prime factors of 526476.
2, 3, 73, 601
What are the prime factors of 794421?
3, 29423
List the prime factors of 1875351.
3, 23, 27179
List the prime factors of 7373300.
2, 5, 11, 6703
What are the prime factors of 22559?
17, 1327
List the prime factors of 520432.
2, 11, 2957
What are the prime factors of 305485?
5, 107, 571
List the prime factors of 181388.
2, 137, 331
List the prime factors of 2195600.
2, 5, 11, 499
List the prime factors of 1062739.
173, 6143
What are the prime factors of 135742?
2, 67, 1013
List the prime factors of 3065246.
2, 47, 32609
What are the prime factors of 7114703?
7114703
What are the prime factors of 11261431?
37, 304363
List the prime factors of 254212.
2, 7, 1297
What are the prime factors of 2589078?
2, 3, 431513
What are the prime factors of 165093?
3, 113, 487
List the prime factors of 103097.
131, 787
What are the prime factors of 38095323?
3, 7, 19, 307, 311
List the prime factors of 6712503.
3, 7, 37, 53, 163
List the prime factors of 19849.
23, 863
List the prime factors of 639567.
3, 179, 397
What are the prime factors of 89018?
2, 47, 947
What are the prime factors of 2061661?
7, 294523
List the prime factors of 19191066.
2, 3, 3198511
List the prime factors of 2893380.
2, 3, 5, 7, 83
What are the prime factors of 310151?
193, 1607
What are the prime factors of 1289598?
2, 3, 37, 157
What are the prime factors of 199633?
7, 19, 79
What are the prime factors of 1555734?
2, 3, 29, 8941
List the prime factors of 72003.
3, 24001
What are the prime factors of 4745733?
3, 1581911
List the prime factors of 8789384.
2, 1098673
What are the prime factors of 9645693?
3, 3215231
What are the prime factors of 4968891?
3, 73, 2521
List the prime factors of 115190.
2, 5, 11519
What are the prime factors of 718806?
2, 3, 11, 10891
What are the prime factors of 4603107?
3, 17, 43, 2099
What are the prime factors of 782727?
3, 11, 23719
What are the prime factors of 129143?
7, 19, 971
What are the prime factors of 295161?
3, 98387
List the prime factors of 5706404.
2, 11, 53, 2447
What are the prime factors of 181128?
2, 3, 7547
What are the prime factors of 947704?
2, 118463
List the prime factors of 3204520.
2, 5, 11, 7283
List the prime factors of 472802.
2, 11, 21491
List the prime factors of 1112396.
2, 47, 61, 97
What are the prime factors of 105240?
2, 3, 5, 877
What are the prime factors of 128665?
5, 25733
List the prime factors of 730142.
2, 7, 52153
What are the prime factors of 208871?
13, 16067
List the prime factors of 1574064.
2, 3, 17, 643
List the prime factors of 595879.
53, 11243
What are the prime factors of 1297201?
1297201
What are the prime factors of 17196?
2, 3, 1433
What are the prime factors of 202951?
7, 79, 367
List the prime factors of 4310910.
2, 3, 5, 19, 2521
List the prime factors of 499484.
2, 193, 647
List the prime factors of 2091659.
2091659
What are the prime factors of 822083?
53, 15511
What are the prime factors of 3832269?
3, 7, 182489
What are the prime factors of 32792166?
2, 3, 11, 165617
List the prime factors of 511138.
2, 19, 13451
List the prime factors of 78636.
2, 3, 6553
What are the prime factors of 33386384?
2, 619, 3371
What are the prime factors of 3095077?
3095077
List the prime factors of 137768.
2, 17, 1013
List the prime factors of 880737.
3, 11, 13, 2053
What are the prime factors of 27309?
3, 9103
What are the prime factors of 18658757?
13, 1435289
List the prime factors of 725648.
2, 7, 11, 19, 31
List the prime factors of 2805592.
2, 350699
List the prime factors of 218089.
467
What are the prime factors of 762636?
2, 3, 7, 1297
What are the prime factors of 291855?
3, 5, 19457
What are the prime factors of 8437039?
13, 103, 6301
List the prime factors of 2333173.
2333173
List the prime factors of 124561.
124561
What are the prime factors of 304448?
2, 67, 71
List the prime factors of 117661.
97, 1213
List the prime factors of 11870029.
17, 103, 6779
List the prime factors of 130284.
2, 3, 7, 11, 47
List the prime factors of 361760.
2, 5, 7, 17, 19
List the prime factors of 1793035.
5, 358607
List the prime factors of 10497941.
1201, 8741
What are the prime factors of 8174631?
3, 2724877
List the prime factors of 12427123.
2203, 5641
List the prime factors of 91455.
3, 5, 7, 13, 67
What are the prime factors of 2956593?
3, 985531
What are the prime factors of 1688673?
3, 7, 97, 829
What are the prime factors of 1631587?
19, 79, 1087
What are the prime factors of 569859?
3, 41, 113
List the prime factors of 581052.
2, 3, 41, 1181
List the prime factors of 8636130.
2, 3, 5, 95957
List the prime factors of 11543109.
3, 71, 54193
What are the prime factors of 17660295?
3, 5, 130817
What are the prime factors of 88299?
3, 9811
List the prime factors of 620689.
620689
What are the prime factors of 2543980?
2, 5, 311, 409
What are the prime factors of 11053090?
2, 5, 1105309
What are the prime factors of 2540464?
2, 83, 1913
List the prime factors of 17402566.
2, 619, 14057
List the prime factors of 455094.
2, 3, 131, 193
What are the prime factors of 1093665?
3, 5, 72911
What are the prime factors of 16403135?
5, 7, 468661
What are the prime factors of 218028?
2, 3, 18169
List the prime factors of 2